-5).
-3
Let m = -13 + 7. Let g(w) = w**3 + 6*w**2 + w - 2. What is g(m)?
-8
Suppose f = -2 + 3. Let w(s) be the first derivative of 3*s**4/4 + s**3/3 + s**2/2 - s - 12. Calculate w(f).
4
Let n(v) = -6*v. Let d = -2 + 6. Calculate n(d).
-24
Let y(g) = -4*g - 2. Suppose 5*b + 53 = -5*s + 3, -4*s - b - 43 = 0. Let h = s + 8. Give y(h).
10
Let z(t) = -t**2 - 1 + 1 + t. Suppose -45*l = -5*l. What is z(l)?
0
Let z = -2 + 4. Let m = z - 2. Let x(j) = -j + 5. Determine x(m).
5
Let q(r) be the first derivative of r**5/120 + 2*r**3/3 + 5. Let z(n) be the third derivative of q(n). Determine z(3).
3
Let y(t) = -1 + 3 + 2*t + 1. Give y(-2).
-1
Suppose 0 = 4*r - 3 - 1. Let g(q) = q**2. Let f(y) = 6*y**2. Let x(i) = f(i) - 3*g(i). Give x(r).
3
Let q(m) = 1. Let f(l) = l**3 + 2*l**2 - 3*l + 8. Suppose -5*r + r + 4 = 0. Let c(u) = r*f(u) - 4*q(u). Let i = -2 + -1. What is c(i)?
4
Let d(x) be the second derivative of x**3/2 - 7*x**2/2 - 6*x. Calculate d(5).
8
Let n(l) = 2*l**2 + 4*l + 3. Let y(m) = -m**2 - m - 1. Let o(f) = -n(f) - 3*y(f). Let a(j) = -j**3 + j**2 + j + 2. Let b be a(0). Calculate o(b).
2
Let z(i) be the first derivative of i**3/3 + 11*i**2/2 - 8*i - 23. Give z(-12).
4
Let z(j) = j + 1. Suppose 0 = -3*r + i - 17, 21 = -3*r + 2*i + i. What is z(r)?
-4
Let n(y) be the first derivative of y**4/24 - y**3/6 - y**2/2 + 1. Let v(j) be the second derivative of n(j). What is v(7)?
6
Let g(n) be the second derivative of -n**3/6 - n**2 + 5*n. Give g(-5).
3
Let y be (6/(-5))/(6/20). Let b = y - -5. Let f(c) = c. What is f(b)?
1
Let j(i) be the third derivative of 0 - 5/24*i**4 - 1/60*i**5 + 1/3*i**3 + 5*i**2 + 0*i. What is j(-6)?
-4
Let l = -32 + 32. Let t(w) be the second derivative of w**5/20 + w**3/6 + 11*w**2/2 + w. What is t(l)?
11
Let m(q) = -2*q + 2. Let w(r) = -6*r + 5. Let b(y) = -17*m(y) + 6*w(y). What is b(-4)?
4
Let u(k) = -k**2 - 4*k + 2. Suppose 5*f + 4*c + 40 = 0, -5*c = f - 3*f + 17. Let d = f - -2. Let v be d*(1 + 1 - 0). Give u(v).
2
Let v(t) = t - 9. Let y be 3 - 5 - 4/(-2)*5. Determine v(y).
-1
Let d = -8 - -10. Suppose 5*r = g + 28, -4 - 1 = d*r + 5*g. Let o(p) = -p - 1. Calculate o(r).
-6
Let g be 5/4 + 3/(-12). Let y(m) = -3*m**2 + m - 1. Determine y(g).
-3
Let o be 2/8 - (-10)/(-8). Let s(h) be the third derivative of h**5/15 - h**4/24 + h**3/2 - h**2. Let q(j) be the first derivative of s(j). Calculate q(o).
-9
Let w(x) = 0 + x + 9 - 2*x. Let c = 2 + 0. Suppose -5*n - 4*q = -8, 6*n - c*n - q - 19 = 0. Calculate w(n).
5
Suppose -4*g = 2*z + 16, 0 = -3*g - 0*z - z - 12. Let c(k) = -k**3 - 4*k**2 + 5. Calculate c(g).
5
Let l(n) = 3*n**2. Suppose 5*h = 4*t + 5 + 19, 2*t + 3*h = 10. Calculate l(t).
3
Let l(d) = -d**2. Let g(p) = -6*p**2 - p - 2. Let m(r) = -g(r) + 5*l(r). Suppose -7 = 6*w - w + 3*s, -w + 4*s - 6 = 0. Calculate m(w).
4
Let v(b) be the second derivative of -b**5/20 - b**4/12 + b**3/6 + 9*b**2/2 + 35*b. Calculate v(0).
9
Let l(x) = 3*x + 3. Let v(n) = -11*n - 4*n + 1 - 17. Let h(f) = -11*l(f) - 2*v(f). Give h(2).
-7
Let n(y) be the first derivative of 4 + 1/3*y**3 + 5*y - 2*y**2. Calculate n(4).
5
Suppose -3*r - 2*v = -7, 2*r - 41 = -3*r + 4*v. Suppose 15 = -4*a - r. Let m = 8 + a. Let w(f) = -2*f + 2. Determine w(m).
-4
Suppose -q + 7*y - 2*y - 20 = 0, -4*q + 30 = 2*y. Let z = q + -8. Let v(h) = 2*h**2 + 4*h + 1. What is v(z)?
7
Let l(q) = 2*q + 0*q - 5 + q**2 + 2. Let s(g) = g**2 - 4*g. Let i be s(3). Give l(i).
0
Let g(m) = -7*m - 14. Let p(c) = c + 1. Let y(t) = g(t) + 6*p(t). Determine y(-4).
-4
Let s = -61 + 58. Let i(k) = k**2 + 3*k + 2. Calculate i(s).
2
Let x(g) = 10*g + 8. Let i(f) = 9*f + 8. Let d(w) = -4*i(w) + 3*x(w). Let m(y) = 5*y + 8. Let v(z) = -6*d(z) - 7*m(z). Determine v(0).
-8
Suppose 4 = -5*h + 14. Let s(a) = 3*a - 1. Let o be s(h). Let m(r) = -r + 7. Let w(q) = 1. Let l(n) = m(n) - 6*w(n). Determine l(o).
-4
Let c = -36 - -45. Let t(r) = 2*r - 5. Give t(c).
13
Suppose 0 = q + 112 - 114. Let y(w) = -w - 1. Determine y(q).
-3
Let s(t) = t**3 - 3*t**2 - 4*t. Suppose 3 = 3*v, 3*f + 3*v = 5*f - 1. Suppose -24 = -3*o - 2*c + 5*c, 4*c = f*o - 24. Calculate s(o).
0
Let d(o) be the second derivative of -9*o**5/20 - o**4/12 - o**3/6 - o**2/2 + 8*o. Let q(c) = -c**2 + 2*c - 2. Let y be q(2). Let z = y + 1. Calculate d(z).
8
Let z(f) = f**2 - 4*f. Let c be z(4). Let v(w) = -w**2 - 4. What is v(c)?
-4
Let b(i) = -i - 7. Let x be (-1 - -2)*(0 + 4). Suppose x*m - 12 = 0, -4*m = -3*p - 7 - 20. What is b(p)?
-2
Let f(y) = -4*y**3 - 3*y**2 + 2*y - 3. Let m(h) = -3*h**3 - 4*h**2 + 3*h - 4. Let c(s) = 2*f(s) - 3*m(s). Calculate c(-7).
-8
Let y = 5 - 2. Let c(v) be the third derivative of v**5/120 + v**3/3 - 2*v**2. Let t(f) be the first derivative of c(f). What is t(y)?
3
Let y(u) = -1 - 2 + 47*u**2 - 4 + 3*u - 46*u**2. Determine y(-5).
3
Suppose -2*z - 5 = -z. Let g be (4 + -4)*1/2. Let f = g + z. Let y(p) = -p**3 - 6*p**2 - 4*p + 5. Determine y(f).
0
Let g(i) = i**2 - 5*i + 2. Let k be g(5). Let o(a) = 4 + 3*a + 3 - k - 4. Give o(-4).
-11
Let x(v) = -v**3 + 4*v**2 - 3*v - 4. Let p(w) = w**2 - w - 1. Let i(a) = -5*p(a) + x(a). Let s = 0 - -2. Determine i(s).
-7
Suppose -3*u = -3, 2*r - 4*u + 9 = u. Suppose -15 = y - 6*y + 5*a, 3*y = 4*a + 10. Let t(n) = -1 + y*n - n - n + 4*n. Calculate t(r).
-9
Suppose -4*q - 12 = -s + 2*s, 5*q + 4*s + 4 = 0. Let u(t) = -27*t + 3 - 6*t**2 + 30*t + 7*t**2. Determine u(q).
7
Let h(r) be the first derivative of r + 5/2*r**2 - 1/3*r**3 - 6. What is h(4)?
5
Let b(v) = -v - 1. Let c(o) = 6*o + 6. Let h(i) = -5*b(i) - c(i). Suppose 5*g - 27 = r + 2*r, -g = -3*r - 15. What is h(r)?
3
Suppose 5*w - 3 = k + 2, -k = 5*w - 15. Let s(m) = -w + 2*m**2 - 2*m**2 - m - 2*m**2 + 3*m**2. Give s(3).
4
Let g(h) = -h + h**2 + 10*h**3 - 1 + 2*h**2 + 0*h - 12*h**3. Calculate g(2).
-7
Let w(f) = f**2 - 5*f. Let y be w(4). Let i(a) be the second derivative of 3*a + 1/6*a**4 + 0*a**2 + 0 + a**3. Determine i(y).
8
Let b = 15 - 11. Let s(i) = -11 - 9*i + i + 2*i. Let a(p) = -2*p - 4. Let q(u) = b*s(u) - 11*a(u). Calculate q(-4).
8
Let j(h) = 10 + h + 0*h - 10. What is j(1)?
1
Let x(m) be the first derivative of m**4/4 + 2*m**3 + 2*m**2 - 4*m + 10. Give x(-5).
1
Suppose v = 4*v. Let d(m) = 5 + m + m**2 + 0 - 1 - 6. Determine d(v).
-2
Let g(w) = -w + 4. Suppose 6*q = q + 900. Let k be 5/(-3)*q/(-50). Calculate g(k).
-2
Let j(z) = -4*z**2 - z - 2. Let v(m) = 5*m**2 + 2*m + 1. Let h(l) = 6*j(l) + 5*v(l). What is h(-6)?
5
Let p(f) = 3*f**2 + 2. Let j(r) = -1 - 3 + 5 - r + 1 + 3*r**2. Let u(c) = 4*j(c) - 3*p(c). Give u(2).
6
Let b(w) = 6*w**2 + 5*w - 10*w**2 - 11*w. Let c(s) = -s**2 - s. Let z be 2/2 + (1 - 1). Let v(j) = z*b(j) - 6*c(j). Calculate v(-2).
8
Let o(i) = -i + 2. Let z = 10 - 23. Let f = z + 7. Calculate o(f).
8
Let r(v) = 4*v - 5*v + 4*v + v**2 - 5. Give r(-5).
5
Suppose -5*g = -4*p + 31, -4*g + 0*p - 26 = -2*p. Let m(d) = d**2 + 7*d - 5. What is m(g)?
-5
Let t(z) = z**3 + 6*z**2 + z + 3. Let o be 17/3 + (-2)/(-6). Suppose 0 = m - f + 5*f - o, m + 5*f - 9 = 0. Calculate t(m).
-3
Let w(k) = -10 - 105*k**2 - 1 + 104*k**2 + 0 - 10*k. Give w(-8).
5
Let w = -3 + 8. Suppose w*x = -2*h + 2, 4*h = -2*x + 8*h + 20. Let m(t) = x*t**2 - 2 - t**2 + 4. What is m(-2)?
6
Let l(h) = -h + 1. Let p(s) = -5*s + 2 - 2 + 2*s + 6. Let u(o) = -4*l(o) + p(o). Give u(4).
6
Let v be 1/((35/10)/7). Let h(k) = 10*k - 2. Calculate h(v).
18
Let c(g) be the third derivative of g**5/6 + g**4/24 + g**3/6 + 61*g**2. Let t be -1 + 0 + 2 + -2. Calculate c(t).
10
Suppose -5*u - r + 0*r = -5, u + 8 = -2*r. Let c(a) = -2 - 7 - a**u - 7*a - 7 + 9. Let m = 7 - 12. What is c(m)?
3
Let h(f) = f**2 - 2*f + 4 + 4*f - f. Suppose -63*p + 66*p = -9. What is h(p)?
10
Suppose 0*a - a = 8. Let z(h) = -h**2 - 9*h + 5. Give z(a).
13
Let w = 69 + -77. Let i(j) = j**3 + 8*j**2 - j - 3. Determine i(w).
5
Let s be ((-1)/(-1))/(61 - -1 - 2). Let p(d) be the third derivative of -2*d**2 - 5/24*d**4 + 0*d + s*d**5 + 5/6*d**3 + 0. Determine p(5).
5
Let a(v) = -10*v. Let s be 42/7*(-1)/2. Let w(j) = j**3 + 2*j**2 - 3*j + 1. Let r be w(s). Determine a(r).
-10
Suppose 7*n - 12 = 3*n. Let m(i) be the first derivative of 0*i + 5/3*i**n - 1/2*i**2 + 2. Give m(1).
4
Let u = -7 - -5. Let v = -7 - 2. Let t be ((-12)/v)/(u/6). Let s(h) = -2*h - 6. Calculate s(t).
2
Let s(